- -17?
-70
Evaluate (82 - 82) + 60 - (0 + 4).
56
What is 36 + 8 + -14 + -18?
12
Evaluate -11082 + 11249 - (0 + 152).
15
What is (-4 + -8 - 4) + 13 - (-3 + 23 + -3)?
-20
What is the value of 1 - (30 - 27 - -13 - 14)?
-1
What is the value of (4 + -1 + 13 + (8 - 14) - 12) + -3?
-5
What is the value of (15 + 6 + -8 - 13) + 22?
22
What is (-9 - (11 - 8) - -9 - -12) + 1 - -10?
20
Evaluate (1 - (1 - 11)) + (-185 - -205) + 8.
39
Evaluate 12 - (6 + (5 - 18) + 6 + -35).
48
-2 - -24 - (27 - (-18 + 20))
-3
Evaluate 2 - ((18 - 7) + -37) - (-1 - -3 - -5).
21
Evaluate -1 - (1 - 15) - (-6 + 18 - (0 - -3)).
4
Calculate -65 - (17 - (36 - -8)).
-38
-7 + ((14 - 0) + 3 - -61) + 7
78
Calculate 2 + 0 + -58 + (3 - -41).
-12
What is -12 - (-132 - (-42 - 97) - (0 - -1 - 10))?
-28
(12 + -15 + -8 - (-13 - -3)) + 4 - 80
-77
Evaluate (10 - -19) + (-13 - -18) + 0.
34
Calculate (-8 - (28 + -15 + -5 + 8)) + (0 - 9).
-33
-90 + (44 + -133 - -98)
-81
What is 90 - ((92 - 83) + 120)?
-39
Evaluate (9 + -21 - -5) + (-3 - 33).
-43
Calculate -20 + -5 + (-9 - -80) + (-10 - -3).
39
What is the value of 9 + 0 + (25 - 10 - (19 + -16) - 99)?
-78
What is 58 - (-48 + -36 + 155)?
-13
Calculate (2 - (-8 + 9)) + -90 + (17 - -14).
-58
What is -45 + (-14 - -34) + 13 - -13 - -3?
4
Calculate -35 + (54 - (-13 - -82)).
-50
Calculate 8 + 0 - ((20 - 12) + 13) - -35.
22
Evaluate 174 - 172 - (-5 + -22 + 3 + -2).
28
Evaluate (-5 + 21 - 21 - -28) + -94.
-71
(17 - (-12 + 31)) + 16 + -3 + -75
-64
Evaluate (-4 + (-2 - -25) - -7 - 3) + (-1 - -3).
25
What is the value of -3 - -13 - (0 - -62 - (-64 - -28))?
-88
2 + 5 - (-81 + -34 + 77)
45
Calculate 10 + 32 + -255 + 221.
8
364 + -360 + (-56 - (3 + -1)) + 3 + 0
-51
(21 - (83 + -37)) + -15
-40
Calculate 28 + 48 + -71 - (39 - -1).
-35
Evaluate -48 + 61 + -5 - (-5 + (0 - 0)) - -66.
79
Calculate 0 - (-540 + 463 + 16 + -3).
64
Evaluate -3 - (53 + 6 - 27).
-35
12 + (-12 + (-3 - -9) - -8) - 7
7
Calculate (2 - 3 - -7) + (-38 - (47 + -33)).
-46
Calculate 17 + (-49 + 22 - -17) + -20 + (0 - 46).
-59
Evaluate 142 + -120 + -18 + 27.
31
What is the value of -34 + -22 + 65 + -17?
-8
Evaluate (25 - (1 + 128)) + -10 + (-13 - -8) + 5.
-114
What is -12 - (14 - (2 + 8 - 2)) - -14?
-4
What is -2 - (5 - -12) - (43 - (-26 + 50))?
-38
Evaluate 15 + -28 + (45 - 0 - (5 + -5)).
32
What is -35 - (12 - 28) - 17?
-36
Calculate -44 + (7 + -13 - -23) + -4.
-31
What is the value of 14 + -11 - 3 - 23 - -10?
-13
-44 + ((-18 - -2) + 23 - (0 - (-3 - -6)))
-34
What is the value of -83 - (-43 - -22) - -45?
-17
10 + -1 + 1 + -61 + 106 + -136
-81
(-36 - -25) + -2 - -39
26
Calculate (-12 - -3) + -1 - (-29 + 9 + -15).
25
(-1 - 8) + 0 - ((-55 - 58) + 11)
93
Evaluate (-4 - (-80 - -62)) + 59.
73
Calculate (7 - (16 + 0 - 7)) + (-4 - 28).
-34
(10 - (-66 - -85)) + 2 + 96
89
(1 - 6) + (15 - 13) + (-56 - -8) + -1
-52
Calculate (0 - 11) + -3 + (-13 - (-60 + 6)).
27
Evaluate -9 + 2 - (885 + -840).
-52
(2 - -92) + -984 + 793
-97
What is 96 - 151 - (3 + -93)?
35
Calculate 23 - (-21 + -36 + 97).
-17
What is 91 + (-12 + 26 + (-5 - 10) - 7)?
83
What is -132 - (2 - 87) - 54?
-101
Evaluate -10 - 5 - (-1 + 7 + -9 + -1 - -14).
-25
Calculate (1 - 22) + (13 + -28 - -7).
-29
Evaluate (-6 - -1) + (-8 - (-45 - -28 - 60)).
64
-619 - -678 - (74 + 0)
-15
Calculate 4 + 8 - (16 - (13 - 18) - 4).
-5
What is the value of -11941 + 11952 - (2 + (-2 - (-24 + 0)))?
-13
What is -27 - (160 + -32 + -113)?
-42
-97 + (49 - 31 - -50)
-29
Evaluate -3132 - -3222 - ((-2 - (-2 - -1)) + 22).
69
Evaluate 6 + 3 + -4 + 28 + 27 + (-45 - -27).
42
What is 9 - 20 - ((-16 - (-21 + 11 + -4)) + 52)?
-61
Calculate -183 - 48 - -128 - -109.
6
Calculate -8 - ((160 + -148 - (0 + 3)) + -2 + -15).
0
What is -10 - (14 - -2) - (-131 + 31)?
74
Evaluate -9 + 2 + 110 + -119 + (0 - -58).
42
What is 2 + 2 - (24 - 64 - -37) - 15?
-8
Evaluate -50 + 37 + 47 - 23.
11
Evaluate 29 + -57 + -72 + (26 - -4).
-70
What is -63 - (-1 + -13 + (6 - 1 - (-127 + 117)))?
-64
Evaluate -1 + (21 - (-15 + 14)).
21
(7 - 7) + 12 + (10 - (9 + 0)) + 27
40
16 - ((60 - 259) + 115)
100
Evaluate (6 - -14) + -76 + 28.
-28
Evaluate -13 + -2 - -62 - 59.
-12
-1004 - -948 - (-7 + 4 + (5 - 8) + -4)
-46
What is the value of 25 - ((15 - -24) + -27)?
13
(4 + (-8 + -1 - -5) - 0) + -53 - -1
-52
Calculate -80 + 13 + 5 - (2 - 30 - -18).
-52
Calculate 204 + -178 + (-20 - 46).
-40
0 + 22 - (116 + -52 + -59)
17
(-150 - (5 + -49)) + 59
-47
Calculate -31 - (7 + (13 + -15 - -10)).
-46
What is (-3 - -7) + -146 + (32 - 62) + 56?
-116
What is -41 + 28 + (-30 - (-30 - -11))?
-24
What is the value of -6 + -3 - (12 + -174 + 187)?
-34
Calculate 27 + -36 + 18 + 1.
10
Evaluate (-45 - (-59 - 31)) + -61.
-16
Evaluate 0 + -7 - 2 - (8 - (-9 + 18)) - 35.
-43
What is the value of 7 + (8 - (2 - -6) - (7 - 0)) + 69?
69
4 + -4 + (46 - -4) + 32 + 14 + -48
48
Calculate (10 - (-12 + -12 + (27 - 7))) + -9 + -81.
-76
What is 2 + -11 + (57 - -4 - 8)?
44
9 + -13 + 9 + 0 + 6 + (5 - -28)
44
What is 15 + (-79 + 85 - (-4 - 4))?
29
What is the value of -2 + -17 + (353 - 360)?
-26
What is 4 + 13 + (-227 - -237) + (5 - -1)?
33
-138 + 83 + (5 - -106)
56
0 - (-5 - -14 - ((7 - 11) + 11))
-2
Calculate 5 - (-17 - -6 - -25 - -79 - -2).
-90
Evaluate -1 - -87 - (-23578 + 23576).
88
What is the value of 0 + -22 + 8 + -20 + 4 + -6?
-36
What is (-1 - 14) + -362 + 365 + 54?
42
What is the value of 0 + 4 - -8 - (48 - 40)?
4
Calculate -8 - -5 - (-28 + 13 - -5).
7
-8 - (1 + 0) - (-174 + 64 + 123)
-22
30 - 0 - (-5456 + 5545)
-59
What is the value of 62 + (-3 - (-9 - 2 - -9) - 7)?
54
7 - (-16 - 11) - 32
2
What is the value of (6 - 30) + (19 - 9) + 34 + -4?
16
What is 9 + 39 + 6 - (11 - (0 + 7))?
50
Calculate (-93 - -1) + (18 + 8 - 8 - 10).
-84
What is the value of 67 - ((2 - (1 - 0 - 1)) + 12 + -6)?
59
What is the value of 78 + (-8 - 0) + (38 - 15)?
93
What is -281 + (-28 - -301) + 1 + 111?
104
Evaluate ((22 - 17 - -19) + -20 - 62) + 17.
-41
Calculate -1 - (-1 - 8) - (13 + (13 - 9)).
-9
Evaluate -7 - 11 - (86 - 49).
-55
Evaluate 7 - -19 - -9 - (12 - (19 + 11 + -21)).
32
2 - 88 - (2 + (20 - 13) - (-3 - -10))
-88
What is 68 + -12 - (-32 - -29)?
59
25 + (-8 - (-20 + 11) - 39)
-13
What is the value of (32 - 42) + (12 - 1) + -5 + 42?
38
What is 12 - (5 - -14 - 0 - 27)?
20
Calculate 111 + (-114 - -20) - -35.
52
What is 36 - (69 + -31) - (-14 - 24)?
36
Evaluate (18 - (50 - 24)) + -5 + 1.
-12
-12 - (-21 + 8 + 12 + -38)
27
What is -12 - (-2 + (14 + -117 - 32))?
125
What is -6 + -8 - (-2 - 12) - (-35 + 2) - -5?
38
(-4 + -2 - -2) + 10 - (12 - 14 - -6)
2
Evaluate 3 + 1 + (-6 - 112) + (-75 - -30 - -34).
-125
11 + (-20 - (-14 - 8)) - -9
22
-73 + 42 + -10 + -17 + 46
-12
What is (38 - 5) + (-937 - -824)?
-80
Evaluate (-29 - -40 - 31) + (45 - -5).
30
-19 + (12 - -13) + 1 + 7
14
Calculate 6 + -4 + -2 + (84 - (1 + 43)).
40
What is 6 - (9 - (12 - 1 - (-13 + -9 + 27)))?
3
-63 - -3 - (-7 - 0 - (-8 - (-10 + 1)))
-52
Evaluate (23 - 23) + 9 + (-7 - -6) + -31.
-23
What is the value of (2 - 0) + (4 - 24) + (108 - 208)?
-118
Calculate -5 + (-1 - -1) - (213 + -217 + 6).
-7
What is the value of (-314 - -339) + 1 + 4 + -3 + -5?
22
Evaluate 87 + -30 + -15 - 7.
35
What is (-1 + -1 - -10) + (44 - 14) + -34 + -2?
2
Evaluate -18 + (15 - (4 - 59)) - (2 + -27).
77
Evaluate -2 + -36 + 57 + 21 - 38.
2
Calculate -57 + (-1 - (-78 + 36)).
-16
(152 - (131 + 101)) + 69
-11
(-46 - 8) + (-158 - -157)
-55
What is -160 + -29 + 42 - -56?
-91
What is the value of 35 - 39 - ((0 - 1) + (2 - -48) + -2)?
-51
(12 - -35) + 11 + 16 + -120
-46
Calculate -57 + (25 - 138) + 260.
90
What is the value of 2 - (-12 + (-5 - -8 - -2) + -8 - -9)?
8
1 + 22 + 5092 + -5109
6
2 - -39 - ((6 - -18) + (-8 - 6))
31
What is (1 - -8 - (-2 + 8 - -7) - -7) + -45?
-42
Calculate 6 + 1 - (-70 + (194 - 89)).
-28
What is 2 + -12 + (17 - (7 - 1)) + -32?
-31
Evaluate 34 + -4 + -13 + 5 + -28.
-6
(2 - 14) + -78 + 25 + 18
-47
What is the value of -44 + (298 - 192 - (-4 + 44))?
22
Calculate -8 + (21 + -12 - -27 - 3).
25
Calculate 11 + -7 + -5 + 78 + (1 + 2 - 7).
73
What is the value of -30 - -1 - (9 + (-11 - (-17 - -5)))?
-39
What is the value of -8 - (2 + 2) - ((30 - 46) + (-1 - -36))?
-31
26 + 0 + -33 + (-45 - -35)
-17
Calculate (-20 - (-116 + 39)) + -146.
-89
What is -12 + (1 - 1) + 7035 + -7031?
-8
-2 - -18 - (82 - (5 - 20) - 8)
-73
Evaluate (-4 - -1)